0*g**3/3 + g - 24. Determine t(1).
11
Let u(m) = m + 8. Let b be u(-11). Let w(v) = -v**2 - 6*v - 7. Let c be w(b). Let h(l) = 5*l**2 - 4*l**c - 2 + 0. Calculate h(0).
-2
Let p(b) = -3*b**3 + 9*b**2 - 3*b + 6. Let m(k) = -k**3 + 3*k**2 - k + 1. Let x(l) = -4*m(l) + p(l). Determine x(3).
5
Let h = 4551 + -3086. Let f(b) = -h*b + 1467*b + 0 - 4. What is f(6)?
8
Suppose -4*j + 2*q + 4 = 0, 3*j - 4*q + 4 = 2. Let h(x) = 0*x**2 - 2*x**3 - 3*x + j + 0*x**2 + 1. What is h(2)?
-19
Let c(g) be the first derivative of 7 + 1/2*g**2 + 5/3*g**3 - g. Let z(o) = -4*o**2 - o. Let b(x) = -3*c(x) - 4*z(x). Calculate b(0).
3
Let j(y) be the first derivative of 1/2*y**2 + 5 - 6*y. Give j(6).
0
Let t(p) = 3*p - 1. Suppose 0 = -5*x + a - 34, -2*x + 5*a = 32. Let m = x + 5. Let o = 5 + m. Determine t(o).
11
Let r(f) = -4 - f**2 + 15*f - 38*f + 18*f. Calculate r(-3).
2
Let p be ((-18)/4)/(3/(-4)). Suppose 13*i - 456 - 350 = 0. Let o(y) = -63*y**3 + 5 - 4 + 6*y**2 + i*y**3 - 3*y. Determine o(p).
-17
Let a(m) = -m**2 + 6*m - 9. Let j = -52 + 58. Give a(j).
-9
Let k(r) = r. Suppose 26 = -5*x - 3*o, 2*o + o - 6 = 3*x. Let i be ((-2)/(-8))/(x/(-80)). Let m be (-2)/i + (-72)/20. Determine k(m).
-4
Suppose 52 = 4*l + 44. Let q(x) = -2*x**3 + 3*x**2 - x. Determine q(l).
-6
Let r(o) = -o**3 + 3*o**2 + 3*o - 4. Let g be r(3). Let h(n) = -8*n**2 - 24*n - 3. Let k(a) = -9*a**2 - 26*a - 4. Let d(v) = -10*h(v) + 9*k(v). Determine d(g).
-1
Let o(i) = -2*i**2 + 85*i - 31. Let q be o(42). Let c(r) = r**2 - 11*r + 10. Give c(q).
10
Suppose 0 = 4*s - 5*q - 88, -q - 16 = 3*q. Let g = s - 14. Let v(x) = -2*x**2 + 3*x - 3. Calculate v(g).
-12
Let p = 100 + -101. Let w(r) = -19*r**3 + r**2 + 2*r + 1. Calculate w(p).
19
Let x(l) = -l**3 + l**2 + 2*l + 5. Let y = -1011 + 1011. Give x(y).
5
Let n(i) = 5 + 14*i**2 - i**3 - 26*i**2 + 11*i**2 - i. Let m be -1 + -1 - (-2 - 0). Determine n(m).
5
Let v(r) = r + 24. Let c be v(-20). Suppose -c*s = -5*s + 4*a - 4, 3*s = a - 12. Let m(d) = d**3 + 5*d**2 + 2*d. What is m(s)?
8
Suppose -15 = -0*q - 3*q. Suppose -3*c = 23 - q. Let l(d) = d + 7. Give l(c).
1
Let g(l) = -9*l - 1. Let j = 3 - 1. Suppose 3*o + d + 43 = -13, j*d = 5*o + 108. Let u be 1/(4/o) - -4. Calculate g(u).
8
Let u(c) = -3*c - 3. Let x be 6*((-49)/14 - -3). Give u(x).
6
Let a = -34 + 37. Let u(q) = -q**a + 5 - 1 - 5 + q**2. Give u(-1).
1
Let n(x) = -x**3 - x**2 + x - 1. Let h(q) = -q**2 + 5*q - 5. Let t be h(4). Let z(k) = 4*k**3 - 3*k + 4. Let j(i) = t*z(i) - 3*n(i). Calculate j(2).
3
Let q(w) = -89*w + 147*w + 4 - w**2 - 53*w. Suppose -8 - 12 = -2*i + 2*l, 5*i + 2*l - 22 = 0. Give q(i).
-2
Let q(k) = -5 + 8*k**2 + 0 - k - 3*k - 2*k. Let u(l) = -7*l**2 + 5*l + 4. Let n(z) = -3*q(z) - 4*u(z). Calculate n(2).
11
Let c(x) be the third derivative of x**4/12 - x**3/6 + x**2. Let n(v) = -v - 11. Let i be n(-14). What is c(i)?
5
Let c(s) = -4*s**3 - 24*s**2 - s + 3. Let i be c(-6). Let y(w) = w**3 - 8*w**2 - 8*w + 2. What is y(i)?
11
Let a(x) = -8*x - 30. Let i be a(-5). Let b(m) = -2*m - 10. Determine b(i).
-30
Let g be (-100)/(-30)*(-12)/(-10). Let t = 9 + 0. Let h(n) = -17*n + g*n + t*n. What is h(-1)?
4
Suppose 0 = -g - 3, 3*w - g = -6*g - 48. Let b(t) = -t**2 - 12*t - 14. Determine b(w).
-3
Let p be 117/39*11/(-3). Let h(n) = -n - 12. Determine h(p).
-1
Let g(a) = 9*a + 3. Let p(x) = x. Suppose -28*y - 6 = -34*y. Suppose 0 = -3*h - 22 + 4. Let z(v) = h*p(v) + y*g(v). Calculate z(-2).
-3
Suppose -6*o + o - 6*o = 0. Let l(j) = 0 + 3*j**2 + o + j**3 + j. Determine l(-3).
-3
Let m(o) be the third derivative of 11*o**4/12 + o**3/3 - 168*o**2 - 3. Calculate m(-1).
-20
Let u(r) = -1 + 693*r - 1 + 1 - 692*r. Give u(-7).
-8
Suppose 32 = -6*h + 38. Let v(f) = -5*f**3 + 7*f**2 - 6. Let p(y) = -10*y**3 + 15*y**2 - 13. Let b(a) = 6*p(a) - 13*v(a). Give b(h).
4
Let q(l) = -l**3 + 2*l**2 - 4*l + 3. Let b be ((-10)/(-6))/(20/36). Calculate q(b).
-18
Let y(v) be the second derivative of -1/2*v**3 - v**2 + 1/4*v**4 + 4*v + 0. Determine y(-2).
16
Let w(p) = -p**2 - 2*p + 43. Let g be w(6). Let y(j) = -5*j - 5 - 2*j + 5*j - 2. Determine y(g).
3
Let a be 10/4 + (-2 - (-3)/2). Let j(s) = -13*s - a - 15*s - 13*s + 37*s. Determine j(2).
-10
Let w(i) = -i**2 - 8*i. Suppose -3*x = 46 - 19. What is w(x)?
-9
Suppose -5*t + 5*r - 3 = -8, 2*t - r = 5. Let h be (-1)/((t/(-6))/(-5 + 1)). Let f(s) = 2*s**2 + 8*s + 3. Determine f(h).
27
Let z(i) be the first derivative of i**4/4 - 4*i**3/3 - 3*i**2 + 5*i + 6. Let g be z(5). Let p(w) = g*w + w - 5 - 2*w + 3. Calculate p(-4).
2
Suppose -t = -4*t + 2*d - 20, 4*t + 20 = d. Let z(s) be the first derivative of -s**2/2 + 4*s - 365. What is z(t)?
8
Let s be 1/((-34 + 33)/(13 + 2)). Let a(x) = x**3 + 16*x**2 + 14*x - 20. Determine a(s).
-5
Let n(b) be the third derivative of -b**4/12 + b**3/6 + 2*b**2 + 44. Let t be ((-2)/3)/(3/(-9)). Let q = t - 1. Give n(q).
-1
Suppose 2*n - 20 = 3*t - 7*t, -t = -5*n - 5. Let q(g) be the first derivative of 1/3*g**3 - 1 - g - 5/2*g**2. Determine q(t).
-1
Let z(a) = -6*a - 17*a**2 + 13*a**2 + 5*a**2 - 1. Give z(6).
-1
Let j(h) = h**2 - 10*h + 12. Let d(z) = z**2 - 13*z + 30. Let t be d(11). Give j(t).
-4
Let n(q) be the second derivative of -5/2*q**2 + 21*q + 0 + 1/12*q**4 - 2/3*q**3. Let g be -2 + (21/3)/1. What is n(g)?
0
Let k be (-3 - -1)/(6/(-24)). Suppose 0 = -5*h + k + 7. Suppose 2*z + h*z = -25. Let j(s) = -s**2 - 4*s + 4. Calculate j(z).
-1
Let t(p) = -6*p. Let y(o) = -9*o. Let w = 8 - 1. Let x(j) = w*t(j) - 5*y(j). Let k = 12 - 13. What is x(k)?
-3
Suppose 438 = 21*v + 52*v. Let h(q) = -q**3 + 4*q**2 + 3 - q - 1 + 2*q**2. What is h(v)?
-4
Let u(d) be the first derivative of -5*d**4/2 - d**3/3 + 3. Let j(v) = -v - 17. Let m be j(-8). Let z be ((-1)/(-3) - 6/m) + 0. What is u(z)?
-11
Let j = -2 + 3. Let h(u) be the first derivative of -11 - 3/2*u**4 - u + 0*u**2 + 2/3*u**3. What is h(j)?
-5
Let i(f) be the first derivative of 0*f**2 - 4/3*f**3 - 1/40*f**5 + 3 + 1/360*f**6 + 1/8*f**4 + 0*f. Let d(z) be the third derivative of i(z). Determine d(2).
1
Let f(s) = 8*s + 1. Let y = 72 + -70. Let z be -2 + -1 + y - 0. Give f(z).
-7
Let s(o) = -10*o - 22. Let a(d) = 3*d + 6. Let m(p) = 7*a(p) + 2*s(p). What is m(0)?
-2
Let x(d) = -3*d**2 + 0*d**3 + 2*d**3 - 6*d**3 + 5*d**3 + 1 - d. Calculate x(2).
-5
Suppose -a + 96 = 5*j + 2*a, 0 = -j - 4*a + 26. Let y(v) = -j - 25 + v + 43. Give y(-2).
-2
Suppose 3*z = 6*z + 12. Let c(f) be the first derivative of -f**3/3 - 2*f**2 - f + 145. What is c(z)?
-1
Let t(p) = -2*p**2 - 4*p - 3. Suppose 3*o - 30 = 15. Suppose 0*b - 20 = -3*u + 2*b, -3*u + 3*b + o = 0. Let m = u - 12. Calculate t(m).
-3
Let h(n) = -22 - 24 + 60 + 3*n - 19. Determine h(6).
13
Let y(p) = -p**2 - 5*p + 15. Let m be y(-8). Let c(s) = 3*s + 31. Determine c(m).
4
Let r be (-1)/(-1)*7 + -3. Let s(n) = -2*n**3 + 5*n**2 + 2*n + 1. Give s(r).
-39
Let y be 2/(-6)*(-1 - -112). Let x = -43 - y. Let a(l) = l**3 + 6*l**2 - 4. Give a(x).
-4
Let w(c) = 9*c + 6. Let l(x) = -17*x - 12. Let y(g) = -6*l(g) - 11*w(g). Let q(m) = -m - 2. Let p(a) = 8*q(a) + 3*y(a). Calculate p(0).
2
Let n(g) = 2*g - 42 + g**2 - 5*g + 44. Calculate n(2).
0
Let m(l) = l**3 - 2*l**2 + l. Let q(y) = -5*y**3 + 8*y**2 + 4*y + 4. Let c(u) = 4*m(u) + q(u). What is c(-3)?
7
Let z(d) be the third derivative of 1/2*d**3 + 0 - 11*d**2 + 0*d + 1/24*d**4. Let j(i) = i**3 + 4*i**2 - 3*i + 4. Let g be j(-5). Calculate z(g).
-3
Let k(l) be the second derivative of -3*l**5/20 + l**4/12 + l**3/3 + l**2/2 - 237*l. What is k(-1)?
3
Let q(o) be the third derivative of -o**5/60 + 3*o**4/8 - 3*o**3/2 + 18*o**2 - 8*o. What is q(6)?
9
Let p(n) = n - 6. Let s be p(8). Let f(b) = 4*b + 299 - 152 - 150. What is f(s)?
5
Let g(j) be the first derivative of -j**3/3 + j**2 + 4*j - 19. Let x be g(4). Let i(l) = 3*l - 2. What is i(x)?
-14
Let u(q) = q**2 - 3*q - 2. Let x = 481 - 477. What is u(x)?
2
Let o(f) = -7*f + 5 - 2 + 2 + 3872*f**3 - 6*f**2 - 3873*f**3. Calculate o(-4).
1
Let k(d) = -2*d**2 - d - 2. Let u be k(-1). Let b(g) = g**2 - 3*g - 2. What is b(u)?
16
Let d(k) be the second derivative of 5*k**3/6 - k**2 - 23*k. Suppose -3*z = -2*l - 7 - 3, -5*z + 20 = -5*l. Give d(z).
8
Let c = 37 - 16. Let t(g) = 8*g - c*g + 11*g. Give t(-2).
4
Let q = -11 - -14. Let s(x) = q - 5*x - 12*x**2 - 7 + 14*x**2.